{"id":5597,"date":"2017-05-16T15:40:43","date_gmt":"2017-05-16T13:40:43","guid":{"rendered":"http:\/\/www.tu-braunschweig-isl.de\/STAEDTEBAU_UND_ENTWURFSMETHODIK\/?page_id=5597"},"modified":"2017-05-16T17:01:29","modified_gmt":"2017-05-16T15:01:29","slug":"eneff-campus","status":"publish","type":"page","link":"https:\/\/www.tu-braunschweig-isl.de\/STAEDTEBAU_UND_ENTWURFSMETHODIK\/?page_id=5597","title":{"rendered":"EnEff Campus"},"content":{"rendered":"<p>Im Rahmen des vom BMWI gef\u00f6rderten Forschungsprojektes \u201eEnEff Campus\u201c wurde f\u00fcr den Campus der Technischen Universit\u00e4t Braunschweig ein Integraler Energetischer Masterplan entwickelt. Dabei wurden auf Basis einer Bestandsaufnahme Methoden und Werkzeuge zur mittelfristigen Reduzierung des Prim\u00e4renergieverbrauchs um 40 % und zur langfristigen Versorgung des Campus mit ausschlie\u00dflich regenerativen Energien erarbeitet.<\/p>\n<p>Das Institut f\u00fcr St\u00e4dtebau und Entwurfsmethodik (ISE) evaluierte im Rahmen dieses Projektes die st\u00e4dtebaulichen Ausgangssituation, untersuchte die Potentiale und Defizite der universit\u00e4r genutzten Areale in der Stadt Braunschweig und erarbeitete, im Zusammenspiel mit Prognosen zur Entwicklung der Studierenden- und Mitarbeiterzahlen unterschiedliche st\u00e4dtebauliche Szenarien und Visionen f\u00fcr 2020 bzw. 2050. Besonderes Interesse galt bei der r\u00e4umlichen Entwicklung resilienten, anpassungsf\u00e4higen Strukturen, die im Hinblick auf ihre Eignung f\u00fcr die (Ressourcen-) Optimierung im st\u00e4dtebaulichen Entwurf geeignet sind.<\/p>\n<p>Aus der r\u00e4umlichen Erprobung dieser Strategien wurden Handlungsoptionen und Ma\u00dfnahmenvorschl\u00e4ge f\u00fcr den energetischen Masterplan 2020 und in der Weiterentwicklung f\u00fcr eine reale Umsetzung abgeleitet.<\/p>\n<p>Durch die Verkn\u00fcpfung der durch das Institut f\u00fcr St\u00e4dtebau und Entwurfsmethodik erarbeiteten st\u00e4dtebaulich-energetischen Strategien f\u00fcr den Masterplan mit den jeweiligen Bearbeitungsaspekten der Projektpartner, ergeben sich Synergien, welche zu einer nachhaltigen, intelligenten Vernetzung auf Quartiers- und Stadtebene beitragen.\u201c<\/p>\n<div id='gallery-2' class='gallery galleryid-5597 gallery-columns-3 gallery-size-medium'><figure class='gallery-item'>\n\t\t\t<div class='gallery-icon landscape'>\n\t\t\t\t<a href='https:\/\/www.tu-braunschweig-isl.de\/STAEDTEBAU_UND_ENTWURFSMETHODIK\/?attachment_id=5619'><img loading=\"lazy\" decoding=\"async\" width=\"300\" height=\"300\" src=\"https:\/\/www.tu-braunschweig-isl.de\/STAEDTEBAU_UND_ENTWURFSMETHODIK\/wp-content\/uploads\/2017\/05\/5000_LP_1200-300x300.png\" class=\"attachment-medium size-medium\" alt=\"\" srcset=\"https:\/\/www.tu-braunschweig-isl.de\/STAEDTEBAU_UND_ENTWURFSMETHODIK\/wp-content\/uploads\/2017\/05\/5000_LP_1200-300x300.png 300w, https:\/\/www.tu-braunschweig-isl.de\/STAEDTEBAU_UND_ENTWURFSMETHODIK\/wp-content\/uploads\/2017\/05\/5000_LP_1200-768x768.png 768w, https:\/\/www.tu-braunschweig-isl.de\/STAEDTEBAU_UND_ENTWURFSMETHODIK\/wp-content\/uploads\/2017\/05\/5000_LP_1200-1024x1024.png 1024w, https:\/\/www.tu-braunschweig-isl.de\/STAEDTEBAU_UND_ENTWURFSMETHODIK\/wp-content\/uploads\/2017\/05\/5000_LP_1200.png 1200w\" sizes=\"auto, (max-width: 300px) 85vw, 300px\" \/><\/a>\n\t\t\t<\/div><\/figure><figure class='gallery-item'>\n\t\t\t<div class='gallery-icon landscape'>\n\t\t\t\t<a href='https:\/\/www.tu-braunschweig-isl.de\/STAEDTEBAU_UND_ENTWURFSMETHODIK\/?attachment_id=5620'><img loading=\"lazy\" decoding=\"async\" width=\"300\" height=\"300\" src=\"https:\/\/www.tu-braunschweig-isl.de\/STAEDTEBAU_UND_ENTWURFSMETHODIK\/wp-content\/uploads\/2017\/05\/5000_SP_1200-300x300.png\" class=\"attachment-medium size-medium\" alt=\"\" srcset=\"https:\/\/www.tu-braunschweig-isl.de\/STAEDTEBAU_UND_ENTWURFSMETHODIK\/wp-content\/uploads\/2017\/05\/5000_SP_1200-300x300.png 300w, https:\/\/www.tu-braunschweig-isl.de\/STAEDTEBAU_UND_ENTWURFSMETHODIK\/wp-content\/uploads\/2017\/05\/5000_SP_1200-768x768.png 768w, https:\/\/www.tu-braunschweig-isl.de\/STAEDTEBAU_UND_ENTWURFSMETHODIK\/wp-content\/uploads\/2017\/05\/5000_SP_1200-1024x1024.png 1024w, https:\/\/www.tu-braunschweig-isl.de\/STAEDTEBAU_UND_ENTWURFSMETHODIK\/wp-content\/uploads\/2017\/05\/5000_SP_1200.png 1200w\" sizes=\"auto, (max-width: 300px) 85vw, 300px\" \/><\/a>\n\t\t\t<\/div><\/figure><figure class='gallery-item'>\n\t\t\t<div class='gallery-icon landscape'>\n\t\t\t\t<a href='https:\/\/www.tu-braunschweig-isl.de\/STAEDTEBAU_UND_ENTWURFSMETHODIK\/?attachment_id=5614'><img loading=\"lazy\" decoding=\"async\" width=\"300\" height=\"244\" src=\"https:\/\/www.tu-braunschweig-isl.de\/STAEDTEBAU_UND_ENTWURFSMETHODIK\/wp-content\/uploads\/2017\/05\/MATRIX_grafik_1200-300x244.png\" class=\"attachment-medium size-medium\" alt=\"\" srcset=\"https:\/\/www.tu-braunschweig-isl.de\/STAEDTEBAU_UND_ENTWURFSMETHODIK\/wp-content\/uploads\/2017\/05\/MATRIX_grafik_1200-300x244.png 300w, https:\/\/www.tu-braunschweig-isl.de\/STAEDTEBAU_UND_ENTWURFSMETHODIK\/wp-content\/uploads\/2017\/05\/MATRIX_grafik_1200-768x624.png 768w, https:\/\/www.tu-braunschweig-isl.de\/STAEDTEBAU_UND_ENTWURFSMETHODIK\/wp-content\/uploads\/2017\/05\/MATRIX_grafik_1200-1024x832.png 1024w, https:\/\/www.tu-braunschweig-isl.de\/STAEDTEBAU_UND_ENTWURFSMETHODIK\/wp-content\/uploads\/2017\/05\/MATRIX_grafik_1200.png 1200w\" sizes=\"auto, (max-width: 300px) 85vw, 300px\" \/><\/a>\n\t\t\t<\/div><\/figure><figure class='gallery-item'>\n\t\t\t<div class='gallery-icon landscape'>\n\t\t\t\t<a href='https:\/\/www.tu-braunschweig-isl.de\/STAEDTEBAU_UND_ENTWURFSMETHODIK\/?attachment_id=5615'><img loading=\"lazy\" decoding=\"async\" width=\"300\" height=\"300\" src=\"https:\/\/www.tu-braunschweig-isl.de\/STAEDTEBAU_UND_ENTWURFSMETHODIK\/wp-content\/uploads\/2017\/05\/Perspektive-CO-B_1200-300x300.png\" class=\"attachment-medium size-medium\" alt=\"\" srcset=\"https:\/\/www.tu-braunschweig-isl.de\/STAEDTEBAU_UND_ENTWURFSMETHODIK\/wp-content\/uploads\/2017\/05\/Perspektive-CO-B_1200-300x300.png 300w, https:\/\/www.tu-braunschweig-isl.de\/STAEDTEBAU_UND_ENTWURFSMETHODIK\/wp-content\/uploads\/2017\/05\/Perspektive-CO-B_1200-768x768.png 768w, https:\/\/www.tu-braunschweig-isl.de\/STAEDTEBAU_UND_ENTWURFSMETHODIK\/wp-content\/uploads\/2017\/05\/Perspektive-CO-B_1200-1024x1024.png 1024w, https:\/\/www.tu-braunschweig-isl.de\/STAEDTEBAU_UND_ENTWURFSMETHODIK\/wp-content\/uploads\/2017\/05\/Perspektive-CO-B_1200.png 1200w\" sizes=\"auto, (max-width: 300px) 85vw, 300px\" \/><\/a>\n\t\t\t<\/div><\/figure><figure class='gallery-item'>\n\t\t\t<div class='gallery-icon landscape'>\n\t\t\t\t<a href='https:\/\/www.tu-braunschweig-isl.de\/STAEDTEBAU_UND_ENTWURFSMETHODIK\/?attachment_id=5616'><img loading=\"lazy\" decoding=\"async\" width=\"300\" height=\"300\" src=\"https:\/\/www.tu-braunschweig-isl.de\/STAEDTEBAU_UND_ENTWURFSMETHODIK\/wp-content\/uploads\/2017\/05\/Perspektive-CO-LK_1200-300x300.png\" class=\"attachment-medium size-medium\" alt=\"\" srcset=\"https:\/\/www.tu-braunschweig-isl.de\/STAEDTEBAU_UND_ENTWURFSMETHODIK\/wp-content\/uploads\/2017\/05\/Perspektive-CO-LK_1200-300x300.png 300w, https:\/\/www.tu-braunschweig-isl.de\/STAEDTEBAU_UND_ENTWURFSMETHODIK\/wp-content\/uploads\/2017\/05\/Perspektive-CO-LK_1200-768x768.png 768w, https:\/\/www.tu-braunschweig-isl.de\/STAEDTEBAU_UND_ENTWURFSMETHODIK\/wp-content\/uploads\/2017\/05\/Perspektive-CO-LK_1200-1024x1024.png 1024w, https:\/\/www.tu-braunschweig-isl.de\/STAEDTEBAU_UND_ENTWURFSMETHODIK\/wp-content\/uploads\/2017\/05\/Perspektive-CO-LK_1200.png 1200w\" sizes=\"auto, (max-width: 300px) 85vw, 300px\" \/><\/a>\n\t\t\t<\/div><\/figure><figure class='gallery-item'>\n\t\t\t<div class='gallery-icon landscape'>\n\t\t\t\t<a href='https:\/\/www.tu-braunschweig-isl.de\/STAEDTEBAU_UND_ENTWURFSMETHODIK\/?attachment_id=5618'><img loading=\"lazy\" decoding=\"async\" width=\"300\" height=\"300\" src=\"https:\/\/www.tu-braunschweig-isl.de\/STAEDTEBAU_UND_ENTWURFSMETHODIK\/wp-content\/uploads\/2017\/05\/Perspektive-Zc_1200-300x300.png\" class=\"attachment-medium size-medium\" alt=\"\" srcset=\"https:\/\/www.tu-braunschweig-isl.de\/STAEDTEBAU_UND_ENTWURFSMETHODIK\/wp-content\/uploads\/2017\/05\/Perspektive-Zc_1200-300x300.png 300w, https:\/\/www.tu-braunschweig-isl.de\/STAEDTEBAU_UND_ENTWURFSMETHODIK\/wp-content\/uploads\/2017\/05\/Perspektive-Zc_1200-768x768.png 768w, https:\/\/www.tu-braunschweig-isl.de\/STAEDTEBAU_UND_ENTWURFSMETHODIK\/wp-content\/uploads\/2017\/05\/Perspektive-Zc_1200-1024x1024.png 1024w, https:\/\/www.tu-braunschweig-isl.de\/STAEDTEBAU_UND_ENTWURFSMETHODIK\/wp-content\/uploads\/2017\/05\/Perspektive-Zc_1200.png 1200w\" sizes=\"auto, (max-width: 300px) 85vw, 300px\" \/><\/a>\n\t\t\t<\/div><\/figure>\n\t\t<\/div>\n\n<pre><strong>Laufzeit<\/strong>\r\nApril 2012 bis September 2015<\/pre>\n<pre><strong>F\u00f6rderung<\/strong>\r\nBundesministerium f\u00fcr Wirtschaft und Energie (BMWi)<\/pre>\n<pre><strong>Partner intern<\/strong>\r\nIGS - <a href=\"https:\/\/www.tu-braunschweig.de\/igs\">Institut f\u00fcr Geb\u00e4ude- und Solartechnik<\/a>\r\nelenia - <a href=\"https:\/\/www.tu-braunschweig.de\/elenia\">Institut f\u00fcr Hochspannungstechnik und Elektrische Energieanlagen<\/a>\r\nIfP - <a href=\"https:\/\/www.tu-braunschweig.de\/psychologie\">Institut f\u00fcr Psychologie<\/a>\r\nGB3 - <a href=\"https:\/\/www.tu-braunschweig.de\/gb3\">TU Braunschweig - Gesch\u00e4ftsbereich 3 \u2013 Geb\u00e4udemanagement\r\n\r\n<\/a><strong>Partner extern<\/strong>\r\nHIS - <a href=\"http:\/\/www.his-he.de\/\">HochschulInformationsSystem GmbH<\/a>\r\n<a href=\"http:\/\/www.synavision.de\/\">Synavision GmbH Aachen<\/a>\r\n<a href=\"http:\/\/www.bs-energy.de\/\">BS Energy<\/a><\/pre>\n<pre><strong>Projektbericht<\/strong>\r\n<a href=\"https:\/\/www.tu-braunschweig.de\/Medien-DB\/igs\/EnEff_Campus\/abschlussbericht.pdf\">download<\/a><\/pre>\n","protected":false},"excerpt":{"rendered":"<p>Im Rahmen des vom BMWI gef\u00f6rderten Forschungsprojektes \u201eEnEff Campus\u201c wurde f\u00fcr den Campus der Technischen Universit\u00e4t Braunschweig ein Integraler Energetischer Masterplan entwickelt. Dabei wurden auf Basis einer Bestandsaufnahme Methoden und Werkzeuge zur mittelfristigen Reduzierung des Prim\u00e4renergieverbrauchs um 40 % und zur langfristigen Versorgung des Campus mit ausschlie\u00dflich regenerativen Energien erarbeitet. Das Institut f\u00fcr St\u00e4dtebau und &hellip; <a href=\"https:\/\/www.tu-braunschweig-isl.de\/STAEDTEBAU_UND_ENTWURFSMETHODIK\/?page_id=5597\" class=\"more-link\"><span class=\"screen-reader-text\">\u201eEnEff Campus\u201c <\/span>weiterlesen<\/a><\/p>\n","protected":false},"author":1,"featured_media":0,"parent":0,"menu_order":0,"comment_status":"closed","ping_status":"closed","template":"","meta":{"footnotes":""},"class_list":["post-5597","page","type-page","status-publish","hentry"],"_links":{"self":[{"href":"https:\/\/www.tu-braunschweig-isl.de\/STAEDTEBAU_UND_ENTWURFSMETHODIK\/index.php?rest_route=\/wp\/v2\/pages\/5597","targetHints":{"allow":["GET"]}}],"collection":[{"href":"https:\/\/www.tu-braunschweig-isl.de\/STAEDTEBAU_UND_ENTWURFSMETHODIK\/index.php?rest_route=\/wp\/v2\/pages"}],"about":[{"href":"https:\/\/www.tu-braunschweig-isl.de\/STAEDTEBAU_UND_ENTWURFSMETHODIK\/index.php?rest_route=\/wp\/v2\/types\/page"}],"author":[{"embeddable":true,"href":"https:\/\/www.tu-braunschweig-isl.de\/STAEDTEBAU_UND_ENTWURFSMETHODIK\/index.php?rest_route=\/wp\/v2\/users\/1"}],"replies":[{"embeddable":true,"href":"https:\/\/www.tu-braunschweig-isl.de\/STAEDTEBAU_UND_ENTWURFSMETHODIK\/index.php?rest_route=%2Fwp%2Fv2%2Fcomments&post=5597"}],"version-history":[{"count":6,"href":"https:\/\/www.tu-braunschweig-isl.de\/STAEDTEBAU_UND_ENTWURFSMETHODIK\/index.php?rest_route=\/wp\/v2\/pages\/5597\/revisions"}],"predecessor-version":[{"id":5621,"href":"https:\/\/www.tu-braunschweig-isl.de\/STAEDTEBAU_UND_ENTWURFSMETHODIK\/index.php?rest_route=\/wp\/v2\/pages\/5597\/revisions\/5621"}],"wp:attachment":[{"href":"https:\/\/www.tu-braunschweig-isl.de\/STAEDTEBAU_UND_ENTWURFSMETHODIK\/index.php?rest_route=%2Fwp%2Fv2%2Fmedia&parent=5597"}],"curies":[{"name":"wp","href":"https:\/\/api.w.org\/{rel}","templated":true}]}}