{"id":5862,"date":"2017-09-20T11:35:37","date_gmt":"2017-09-20T09:35:37","guid":{"rendered":"http:\/\/www.tu-braunschweig-isl.de\/STAEDTEBAU_UND_ENTWURFSMETHODIK\/?page_id=5862"},"modified":"2024-05-06T16:25:36","modified_gmt":"2024-05-06T14:25:36","slug":"impressum","status":"publish","type":"page","link":"https:\/\/www.tu-braunschweig-isl.de\/STAEDTEBAU_UND_ENTWURFSMETHODIK\/?page_id=5862","title":{"rendered":"IMPRESSUM"},"content":{"rendered":"<p><strong>Technische Universit\u00e4t Braunschweig<br \/>\n<\/strong>Fakult\u00e4t 3 &#8211; Department Architektur<strong><br \/>\n<\/strong><br \/>\nInstitut f\u00fcr St\u00e4dtebau und Entwurfsmethodik<br \/>\nProf. Uwe Brederlau<\/p>\n<p>Pockelsstrasse 3, 13. OG<br \/>\nD-38106 Braunschweig<\/p>\n<p>T +49 (0) 531 391 3538<br \/>\nF +49 (0) 531 391 8103<br \/>\n<a href=\"mailto:ise@tu-bs.de\">M ise@tu-bs.de<\/a><\/p>\n<p><strong>Datenschutz<\/strong><\/p>\n<div id=\"c47095\" class=\"frame frame--type-text frame--medium-margin-bottom\">\n<p>Verantwortliche im Sinne der Datenschutz-Grundverordnung und anderer nationaler Datenschutzgesetze der Mitgliedstaaten sowie sonstiger datenschutzrechtlicher Bestimmungen ist die:<\/p>\n<p>Technische Universit\u00e4t Braunschweig<br \/>\nUniversit\u00e4tsplatz 2<br \/>\n38106 Braunschweig<br \/>\nTel.: +49 (531) 391- 0<br \/>\nE-Mail:\u00a0<a href=\"https:\/\/www.tu-braunschweig.de\/datenschutzerklaerung#\" data-mailto-token=\"kygjrm8npycqgbclrglYrs+zpyslqafucge,bc\" data-mailto-vector=\"-2\">praesidentin(at)tu-braunschweig.de<\/a><\/p>\n<p>vertreten durch die Pr\u00e4sidentin<br \/>\nProf. Dr. Angela Ittel<br \/>\n<a href=\"https:\/\/www.tu-braunschweig.de\/praesidentin\">https:\/\/www.tu-braunschweig.de\/praesidentin<\/a><\/p>\n<\/div>\n<div id=\"c47091\" class=\"frame frame--type-text frame--medium-margin-bottom\">\n<p>Kontaktdaten des Datenschutzbeauftragten der Technischen Universit\u00e4t Braunschweig:<\/p>\n<p>Technische Universit\u00e4t Braunschweig<br \/>\nDatenschutzbeauftragter<br \/>\nBienroder Weg 87<br \/>\n38106 Braunschweig<\/p>\n<p>E-Mail:\u00a0<a href=\"https:\/\/www.tu-braunschweig.de\/datenschutzerklaerung#\" data-mailto-token=\"kygjrm8byrclqafsrxYrs+zpyslqafucge,bc\" data-mailto-vector=\"-2\">datenschutz(at)tu-braunschweig.de<\/a><br \/>\n<a href=\"https:\/\/www.tu-braunschweig.de\/datenschutz\">https:\/\/www.tu-braunschweig.de\/datenschutz<\/a><\/p>\n<\/div>\n<p><strong><em>Haftung f\u00fcr Inhalte<\/em><\/strong><\/p>\n<blockquote><p>Als Diensteanbieter sind wir gem\u00e4\u00df \u00a7 7 Abs.1 TMG f\u00fcr eigene Inhalte auf diesen Seiten nach den allgemeinen Gesetzen verantwortlich. Nach \u00a7\u00a7 8 bis 10 TMG sind wir als Diensteanbieter jedoch nicht verpflichtet, \u00fcbermittelte oder gespeicherte fremde Informationen zu \u00fcberwachen oder nach Umst\u00e4nden zu forschen, die auf eine rechtswidrige T\u00e4tigkeit hinweisen.<\/p>\n<p>Verpflichtungen zur Entfernung oder Sperrung der Nutzung von Informationen nach den allgemeinen Gesetzen bleiben hiervon unber\u00fchrt. Eine diesbez\u00fcgliche Haftung ist jedoch erst ab dem Zeitpunkt der Kenntnis einer konkreten Rechtsverletzung m\u00f6glich. Bei Bekanntwerden von entsprechenden Rechtsverletzungen werden wir diese Inhalte umgehend entfernen.<\/p><\/blockquote>\n<p><em><strong>Haftung f\u00fcr Links<\/strong><\/em><\/p>\n<blockquote><p>Unser Angebot enth\u00e4lt Links zu externen Webseiten Dritter, auf deren Inhalte wir keinen Einfluss haben. Deshalb k\u00f6nnen wir f\u00fcr diese fremden Inhalte auch keine Gew\u00e4hr \u00fcbernehmen. F\u00fcr die Inhalte der verlinkten Seiten ist stets der jeweilige Anbieter oder Betreiber der Seiten verantwortlich. Die verlinkten Seiten wurden zum Zeitpunkt der Verlinkung auf m\u00f6gliche Rechtsverst\u00f6\u00dfe \u00fcberpr\u00fcft. Rechtswidrige Inhalte waren zum Zeitpunkt der Verlinkung nicht erkennbar.<\/p>\n<p>Eine permanente inhaltliche Kontrolle der verlinkten Seiten ist jedoch ohne konkrete Anhaltspunkte einer Rechtsverletzung nicht zumutbar. Bei Bekanntwerden von Rechtsverletzungen werden wir derartige Links umgehend entfernen.<\/p><\/blockquote>\n<p><em><strong>Urheberrecht<\/strong><\/em><\/p>\n<blockquote><p>Die durch die Seitenbetreiber erstellten Inhalte und Werke auf diesen Seiten unterliegen dem deutschen Urheberrecht. Die Vervielf\u00e4ltigung, Bearbeitung, Verbreitung und jede Art der Verwertung au\u00dferhalb der Grenzen des Urheberrechtes bed\u00fcrfen der schriftlichen Zustimmung des jeweiligen Autors bzw. Erstellers. Downloads und Kopien dieser Seite sind nur f\u00fcr den privaten, nicht kommerziellen Gebrauch gestattet.<\/p>\n<p>Soweit die Inhalte auf dieser Seite nicht vom Betreiber erstellt wurden, werden die Urheberrechte Dritter beachtet. Insbesondere werden Inhalte Dritter als solche gekennzeichnet. Sollten Sie trotzdem auf eine Urheberrechtsverletzung aufmerksam werden, bitten wir um einen entsprechenden Hinweis. Bei Bekanntwerden von Rechtsverletzungen werden wir derartige Inhalte umgehend entfernen.<\/p><\/blockquote>\n<p>Quelle: <a href=\"https:\/\/www.e-recht24.de\/\">eRecht24<\/a><\/p>\n","protected":false},"excerpt":{"rendered":"<p>Technische Universit\u00e4t Braunschweig Fakult\u00e4t 3 &#8211; Department Architektur Institut f\u00fcr St\u00e4dtebau und Entwurfsmethodik Prof. Uwe Brederlau Pockelsstrasse 3, 13. OG D-38106 Braunschweig T +49 (0) 531 391 3538 F +49 (0) 531 391 8103 M ise@tu-bs.de Datenschutz Verantwortliche im Sinne der Datenschutz-Grundverordnung und anderer nationaler Datenschutzgesetze der Mitgliedstaaten sowie sonstiger datenschutzrechtlicher Bestimmungen ist die: Technische &hellip; <a href=\"https:\/\/www.tu-braunschweig-isl.de\/STAEDTEBAU_UND_ENTWURFSMETHODIK\/?page_id=5862\" class=\"more-link\"><span class=\"screen-reader-text\">\u201eIMPRESSUM\u201c <\/span>weiterlesen<\/a><\/p>\n","protected":false},"author":1,"featured_media":0,"parent":0,"menu_order":0,"comment_status":"closed","ping_status":"closed","template":"","meta":{"footnotes":""},"class_list":["post-5862","page","type-page","status-publish","hentry"],"_links":{"self":[{"href":"https:\/\/www.tu-braunschweig-isl.de\/STAEDTEBAU_UND_ENTWURFSMETHODIK\/index.php?rest_route=\/wp\/v2\/pages\/5862","targetHints":{"allow":["GET"]}}],"collection":[{"href":"https:\/\/www.tu-braunschweig-isl.de\/STAEDTEBAU_UND_ENTWURFSMETHODIK\/index.php?rest_route=\/wp\/v2\/pages"}],"about":[{"href":"https:\/\/www.tu-braunschweig-isl.de\/STAEDTEBAU_UND_ENTWURFSMETHODIK\/index.php?rest_route=\/wp\/v2\/types\/page"}],"author":[{"embeddable":true,"href":"https:\/\/www.tu-braunschweig-isl.de\/STAEDTEBAU_UND_ENTWURFSMETHODIK\/index.php?rest_route=\/wp\/v2\/users\/1"}],"replies":[{"embeddable":true,"href":"https:\/\/www.tu-braunschweig-isl.de\/STAEDTEBAU_UND_ENTWURFSMETHODIK\/index.php?rest_route=%2Fwp%2Fv2%2Fcomments&post=5862"}],"version-history":[{"count":10,"href":"https:\/\/www.tu-braunschweig-isl.de\/STAEDTEBAU_UND_ENTWURFSMETHODIK\/index.php?rest_route=\/wp\/v2\/pages\/5862\/revisions"}],"predecessor-version":[{"id":10380,"href":"https:\/\/www.tu-braunschweig-isl.de\/STAEDTEBAU_UND_ENTWURFSMETHODIK\/index.php?rest_route=\/wp\/v2\/pages\/5862\/revisions\/10380"}],"wp:attachment":[{"href":"https:\/\/www.tu-braunschweig-isl.de\/STAEDTEBAU_UND_ENTWURFSMETHODIK\/index.php?rest_route=%2Fwp%2Fv2%2Fmedia&parent=5862"}],"curies":[{"name":"wp","href":"https:\/\/api.w.org\/{rel}","templated":true}]}}